ulate the remainder when 1792012 is divided by 6.
4
What is the remainder when 1923367 is divided by 594?
589
What is the remainder when 7688558 is divided by 8339?
0
What is the remainder when 20307023 is divided by 36?
35
What is the remainder when 4757586 is divided by 3714?
3666
Calculate the remainder when 449454 is divided by 149815.
9
What is the remainder when 59174 is divided by 58999?
175
Calculate the remainder when 7586548 is divided by 497.
340
Calculate the remainder when 11110801 is divided by 763.
758
What is the remainder when 398546 is divided by 12216?
7634
What is the remainder when 90664 is divided by 45232?
200
Calculate the remainder when 10003 is divided by 9062.
941
What is the remainder when 637402 is divided by 1897?
10
Calculate the remainder when 61799 is divided by 584.
479
What is the remainder when 961800 is divided by 3813?
924
What is the remainder when 28383298 is divided by 43466?
0
What is the remainder when 17209095 is divided by 17?
12
What is the remainder when 2597549 is divided by 1156?
17
What is the remainder when 83149166 is divided by 1496?
1486
What is the remainder when 331914 is divided by 165954?
6
What is the remainder when 403493 is divided by 3771?
3767
What is the remainder when 8663 is divided by 1769?
1587
What is the remainder when 79677657 is divided by 16103?
13
Calculate the remainder when 1507100 is divided by 125.
100
What is the remainder when 155917 is divided by 1834?
27
What is the remainder when 24384 is divided by 3457?
185
What is the remainder when 624496 is divided by 56756?
180
Calculate the remainder when 2227279 is divided by 742387.
118
Calculate the remainder when 3260557 is divided by 122.
107
Calculate the remainder when 1614662 is divided by 3929.
3772
What is the remainder when 19075 is divided by 258?
241
Calculate the remainder when 512110 is divided by 46550.
60
What is the remainder when 8519793 is divided by 243422?
23
What is the remainder when 93649 is divided by 670?
519
Calculate the remainder when 159874478 is divided by 287544.
14
Calculate the remainder when 2172074 is divided by 1111.
69
What is the remainder when 6115 is divided by 592?
195
Calculate the remainder when 90064 is divided by 358.
206
What is the remainder when 235485 is divided by 3602?
1355
Calculate the remainder when 67254536 is divided by 5154.
5144
What is the remainder when 4034892 is divided by 7613?
2
Calculate the remainder when 52216 is divided by 4749.
4726
What is the remainder when 1297787 is divided by 3909?
3908
What is the remainder when 13128757 is divided by 20?
17
Calculate the remainder when 89472020 is divided by 557.
553
Calculate the remainder when 39406 is divided by 13040.
286
Calculate the remainder when 10444583 is divided by 215.
98
What is the remainder when 84870 is divided by 1715?
835
What is the remainder when 2722420 is divided by 1784?
36
Calculate the remainder when 3428288 is divided by 3201.
17
What is the remainder when 465771 is divided by 38735?
951
What is the remainder when 31328127 is divided by 471?
33
Calculate the remainder when 21021540 is divided by 5772.
5688
Calculate the remainder when 4991486 is divided by 59.
27
What is the remainder when 303252 is divided by 14?
12
Calculate the remainder when 292274 is divided by 95612.
5438
Calculate the remainder when 571283 is divided by 19394.
8857
What is the remainder when 24779831 is divided by 3670?
3661
Calculate the remainder when 5605558 is divided by 5605536.
22
Calculate the remainder when 3993922 is divided by 998148.
1330
What is the remainder when 42801475 is divided by 1472?
131
Calculate the remainder when 2988494 is divided by 10.
4
What is the remainder when 1246 is divided by 1101?
145
Calculate the remainder when 43914565 is divided by 4879396.
1
Calculate the remainder when 5976976 is divided by 173.
172
What is the remainder when 605193 is divided by 1759?
97
Calculate the remainder when 5969441 is divided by 28.
9
Calculate the remainder when 243289 is divided by 451.
200
What is the remainder when 159228835 is divided by 1054?
1
Calculate the remainder when 16076 is divided by 82.
4
What is the remainder when 1219367 is divided by 1219364?
3
Calculate the remainder when 143337 is divided by 3560.
937
What is the remainder when 124812618 is divided by 5743?
5742
What is the remainder when 36349 is divided by 4404?
1117
Calculate the remainder when 1936354 is divided by 9173.
851
Calculate the remainder when 544856 is divided by 181461.
473
What is the remainder when 687863 is divided by 686723?
1140
Calculate the remainder when 177442 is divided by 54.
52
Calculate the remainder when 834610 is divided by 2670.
1570
What is the remainder when 6102072 is divided by 852?
48
What is the remainder when 290955 is divided by 2309?
21
What is the remainder when 29827354 is divided by 181?
2
What is the remainder when 267835 is divided by 89239?
118
Calculate the remainder when 10527649 is divided by 92.
89
What is the remainder when 27064 is divided by 5349?
319
Calculate the remainder when 30029095 is divided by 3722.
3721
Calculate the remainder when 2753058 is divided by 3333.
0
Calculate the remainder when 77680306 is divided by 17.
13
What is the remainder when 409584 is divided by 999?
993
Calculate the remainder when 754420 is divided by 53883.
58
What is the remainder when 205594 is divided by 1515?
1069
What is the remainder when 48902 is divided by 1728?
518
What is the remainder when 4416615 is divided by 4416610?
5
Calculate the remainder when 3660914 is divided by 20683.
23
Calculate the remainder when 3467182 is divided by 1733584.
14
What is the remainder when 179328470 is divided by 1845?
5
What is the remainder when 90475035 is divided by 19?
18
Calculate the remainder when 3756890 is divided by 437.
1
Calculate the remainder when 11177175 is divided by 72579.
9
What is the remainder when 140970 is divided by 331?
295
What is the remainder when 651871 is divided by 217073?
652
What is the remainder when 109454211 is divided by 1176927?
0
Calculate the remainder when 1680430 is divided by 186713.
13
What is the remainder when 6594921 is divided by 1747?
1743
Calculate the remainder when 36645 is divided by 18239.
167
Calculate the remainder when 1054708 is divided by 3458.
18
What is the remainder when 11876620 is divided by 545?
525
What is the remainder when 9421 is divided by 9263?
158
Calculate the remainder when 2768632 is divided by 36.
16
Calculate the remainder when 898036 is divided by 23620.
476
Calculate the remainder when 52476406 is divided by 26238196.
14
What is the remainder when 21561702 is divided by 8?
6
Calculate the remainder when 109394810 is divided by 60.
50
Calculate the remainder when 28534 is divided by 112.
86
Calculate the remainder when 242102 is divided by 60415.
442
Calculate the remainder when 500318 is divided by 91.
0
Calculate the remainder when 243723 is divided by 627.
447
Calculate the remainder when 148858398 is divided by 100.
98
What is the remainder when 17966632 is divided by 5456?
24
Calculate the remainder when 39853 is divided by 4978.
29
What is the remainder when 925663 is divided by 52?
11
Calculate the remainder when 2520366 is divided by 1260183.
0
What is the remainder when 491096109 is divided by 312?
309
Calculate the remainder when 20919870 is divided by 5771.
5766
What is the remainder when 758551 is divided by 3375?
2551
Calculate the remainder when 1886815 is divided by 348.
307
What is the remainder when 6787124 is divided by 62?
46
What is the remainder when 2885309 is divided by 18?
17
What is the remainder when 2469972 is divided by 189997?
11
What is the remainder when 374454 is divided by 1580?
1574
Calculate the remainder when 10437099 is divided by 559.
10
What is the remainder when 19010315 is divided by 318?
275
What is the remainder when 658437 is divided by 623?
549
What is the remainder when 6820445 is divided by 974298?
359
What is the remainder when 73530448 is divided by 350?
348
What is the remainder when 4121 is divided by 4090?
31
Calculate the remainder when 397401846 is divided by 4076.
4074
Calculate the remainder when 40735093 is divided by 13578362.
7
What is the remainder when 22